{"id":7,"date":"2025-04-02T05:48:22","date_gmt":"2025-04-02T05:48:22","guid":{"rendered":"https:\/\/aktionszeitung.de\/?page_id=7"},"modified":"2025-04-17T10:12:39","modified_gmt":"2025-04-17T10:12:39","slug":"impressum","status":"publish","type":"page","link":"https:\/\/aktionszeitung.de\/index.php\/impressum\/","title":{"rendered":"Impressum\/Initiatoren"},"content":{"rendered":"\n<p>Verein f\u00fcr solidarische Perspektiven e.V.<br>V.iS.d.P. Angela Klein<br>Regentenstr. 57-59<br>51063 K\u00f6ln<\/p>\n\n\n\n<p>Tel.: 0221 9231196<br>E-Mail:&nbsp;<a class=\"\" href=\"mailto:redaktion@soz-verlag.de\">redaktion@soz-verlag.de<\/a><br><\/p>\n\n\n\n<p><strong>Kontoverbindung f\u00fcr die Porto-Rechnungen der Aktionszeitung sowie Spenden:<\/strong><br>Verein f\u00fcr solidarische Perspektiven (VsP e.V.) Stichwort: Aktionszeitung<br>IBAN: DE07 3701 0050 0006 0395 04<br>BIC: PBNKDEFF<br>Die AKTIONSZEITUNG wird gef\u00f6rdert von der Stiftung Menschenw\u00fcrde und Arbeitswelt (MundA).<\/p>\n\n\n\n<hr class=\"wp-block-separator has-alpha-channel-opacity\"\/>\n\n\n\n<p><strong>Kontakt zur Redaktion der Aktionszeitung<\/strong>: <a href=\"mailto:kontakt@aktionszeitung.de\">kontakt@aktionszeitung.de<\/a><\/p>\n\n\n\n<hr class=\"wp-block-separator has-alpha-channel-opacity\"\/>\n\n\n\n<h2 class=\"wp-block-heading\"><strong>Die Initiator:innen<\/strong><\/h2>\n\n\n\n<p><strong><br>J\u00fcrgen B\u00f6nig <\/strong>(Lunapark21), <strong>Angela Klein<\/strong> (SoZ), <strong>Stephan Krull<\/strong> (RLS), <strong>Klaus Meier<\/strong> (Netzwerk \u00d6kosozialismus), <strong>Tobi Rosswog<\/strong>, Verkehrswendestadt<br>Wolfsburg<br>Die Aktionszeitung wird mit herausgegeben von der Stiftung Menschenw\u00fcrde und Arbeitswelt sowie vom Verein f\u00fcr solidarische Perspektiven.<\/p>\n\n\n\n<p><br>Gestaltung: <strong>Joachim R\u00f6mer<\/strong><br>Vertrieb und Webseite: <strong>Heino Berg<\/strong><br>Druck und Versand: <strong>Union Druckerei Berlin<\/strong><\/p>\n\n\n\n<hr class=\"wp-block-separator has-alpha-channel-opacity\"\/>\n\n\n\n<h2 class=\"wp-block-heading\"><\/h2>\n","protected":false},"excerpt":{"rendered":"<p>Verein f\u00fcr solidarische Perspektiven e.V.V.iS.d.P. Angela KleinRegentenstr. 57-5951063 K\u00f6ln Tel.: 0221 9231196E-Mail:&nbsp;redaktion@soz-verlag.de Kontoverbindung f\u00fcr die Porto-Rechnungen der Aktionszeitung sowie Spenden:Verein f\u00fcr solidarische Perspektiven (VsP e.V.) Stichwort: AktionszeitungIBAN: DE07 3701 0050 &#8230; <a title=\"Impressum\/Initiatoren\" class=\"read-more\" href=\"https:\/\/aktionszeitung.de\/index.php\/impressum\/\" aria-label=\"Mehr Informationen \u00fcber Impressum\/Initiatoren\">Weiterlesen<\/a><\/p>\n","protected":false},"author":1,"featured_media":0,"parent":0,"menu_order":0,"comment_status":"closed","ping_status":"closed","template":"","meta":{"slim_seo":{"title":"Impressum\/Initiatoren - Aktionszeitung","description":"Verein f\u00fcr solidarische Perspektiven e.V. V.iS.d.P. Angela Klein Regentenstr. 57-59 51063 K\u00f6ln Tel.: 0221 9231196 E-Mail:&nbsp; redaktion@soz-verlag.de Kontover"},"footnotes":""},"class_list":["post-7","page","type-page","status-publish"],"_links":{"self":[{"href":"https:\/\/aktionszeitung.de\/index.php\/wp-json\/wp\/v2\/pages\/7","targetHints":{"allow":["GET"]}}],"collection":[{"href":"https:\/\/aktionszeitung.de\/index.php\/wp-json\/wp\/v2\/pages"}],"about":[{"href":"https:\/\/aktionszeitung.de\/index.php\/wp-json\/wp\/v2\/types\/page"}],"author":[{"embeddable":true,"href":"https:\/\/aktionszeitung.de\/index.php\/wp-json\/wp\/v2\/users\/1"}],"replies":[{"embeddable":true,"href":"https:\/\/aktionszeitung.de\/index.php\/wp-json\/wp\/v2\/comments?post=7"}],"version-history":[{"count":12,"href":"https:\/\/aktionszeitung.de\/index.php\/wp-json\/wp\/v2\/pages\/7\/revisions"}],"predecessor-version":[{"id":86,"href":"https:\/\/aktionszeitung.de\/index.php\/wp-json\/wp\/v2\/pages\/7\/revisions\/86"}],"wp:attachment":[{"href":"https:\/\/aktionszeitung.de\/index.php\/wp-json\/wp\/v2\/media?parent=7"}],"curies":[{"name":"wp","href":"https:\/\/api.w.org\/{rel}","templated":true}]}}

<p>Verein für solidarische Perspektiven e.V.<br>V.iS.d.P. Angela Klein<br>Regentenstr. 57-59<br>51063 Köln</p>



<p>Tel.: 0221 9231196<br>E-Mail:&nbsp;<a class="" href="mailto:redaktion@soz-verlag.de">redaktion@soz-verlag.de</a><br></p>



<p><strong>Kontoverbindung für die Porto-Rechnungen der Aktionszeitung sowie Spenden:</strong><br>Verein für solidarische Perspektiven (VsP e.V.) Stichwort: Aktionszeitung<br>IBAN: DE07 3701 0050 0006 0395 04<br>BIC: PBNKDEFF<br>Die AKTIONSZEITUNG wird gefördert von der Stiftung Menschenwürde und Arbeitswelt (MundA).</p>



<hr class="wp-block-separator has-alpha-channel-opacity"/>



<p><strong>Kontakt zur Redaktion der Aktionszeitung</strong>: <a href="mailto:kontakt@aktionszeitung.de">kontakt@aktionszeitung.de</a></p>



<hr class="wp-block-separator has-alpha-channel-opacity"/>



<h2 class="wp-block-heading"><strong>Die Initiator:innen</strong></h2>



<p><strong><br>Jürgen Bönig </strong>(Lunapark21), <strong>Angela Klein</strong> (SoZ), <strong>Stephan Krull</strong> (RLS), <strong>Klaus Meier</strong> (Netzwerk Ökosozialismus), <strong>Tobi Rosswog</strong>, Verkehrswendestadt<br>Wolfsburg<br>Die Aktionszeitung wird mit herausgegeben von der Stiftung Menschenwürde und Arbeitswelt sowie vom Verein für solidarische Perspektiven.</p>



<p><br>Gestaltung: <strong>Joachim Römer</strong><br>Vertrieb und Webseite: <strong>Heino Berg</strong><br>Druck und Versand: <strong>Union Druckerei Berlin</strong></p>



<hr class="wp-block-separator has-alpha-channel-opacity"/>



<h2 class="wp-block-heading"></h2>

<p>Verein für solidarische Perspektiven e.V.V.iS.d.P. Angela KleinRegentenstr. 57-5951063 Köln Tel.: 0221 9231196E-Mail:&nbsp;redaktion@soz-verlag.de Kontoverbindung für die Porto-Rechnungen der Aktionszeitung sowie Spenden:Verein für solidarische Perspektiven (VsP e.V.) Stichwort: AktionszeitungIBAN: DE07 3701 0050 &#8230; <a title="Impressum/Initiatoren" class="read-more" href="https://aktionszeitung.de/index.php/impressum/" aria-label="Mehr Informationen über Impressum/Initiatoren">Weiterlesen</a></p>

Verein für solidarische Perspektiven e.V. V.iS.d.P. Angela Klein Regentenstr. 57-59 51063 Köln Tel.: 0221 9231196 E-Mail:&nbsp; redaktion@soz-verlag.de Kontover
